{"id":485,"date":"2023-09-13T00:14:14","date_gmt":"2023-09-13T00:14:14","guid":{"rendered":"https:\/\/vilavolta.com.br\/?page_id=485"},"modified":"2023-09-14T22:54:11","modified_gmt":"2023-09-14T22:54:11","slug":"nosso-diferencial","status":"publish","type":"page","link":"https:\/\/vilavolta.com.br\/index.php\/nosso-diferencial\/","title":{"rendered":"Nosso diferencial"},"content":{"rendered":"\n<p>Voc\u00ea, h\u00f3spede brasileiro\/a ou estrangeiro\/a, pode optar por se hospedar na Vila Volta sozinho. Ou ainda, vir pra c\u00e1 com seu\/sua companheiro\/a, seja namorado\/a, marido\/esposa etc. Outra possibilidade: convidar outras pessoas para virem contigo; um grupo, seja de amigos\/as ou familiares.<\/p>\n\n\n\n<p>A perman\u00eancia tamb\u00e9m pode variar. Apenas uma di\u00e1ria, um final de semana, um feriado prolongado, uma temporada mais longa, curtindo f\u00e9rias ou trabalhando a dist\u00e2ncia aqui na Vila Volta (pra quem ainda n\u00e3o sabe, oferecemos boa e gratuita conex\u00e3o \u00e0 Internet, via fibra \u00f3ptica). Para aqueles que querem conhecer a Vila Volta sem se hospedar, h\u00e1 tamb\u00e9m a op\u00e7\u00e3o de Day Use.<\/p>\n\n\n\n<p><strong><mark style=\"background-color:rgba(0, 0, 0, 0)\" class=\"has-inline-color has-primary-color\">FLEXIBILIDADE E HOSPITALIDADE<\/mark><\/strong><\/p>\n\n\n\n<p>Em outras palavras, n\u00e3o importa com quem voc\u00ea venha nem a dura\u00e7\u00e3o da sua estadia. De qualquer forma, n\u00f3s, os propriet\u00e1rios sempre estaremos aqui para fazer o que mais gostamos: receber bem nossos\/as h\u00f3spedes; fazer com que se sintam bem-vindos como numa Casa de Amigos\/as.<\/p>\n\n\n\n<figure class=\"wp-block-image aligncenter size-full\"><img decoding=\"async\" loading=\"lazy\" width=\"234\" height=\"67\" src=\"https:\/\/vilavolta.com.br\/wp-content\/uploads\/2023\/09\/arco-iris-1.jpg\" alt=\"\" class=\"wp-image-562\"\/><\/figure>\n\n\n\n<figure class=\"wp-block-image aligncenter size-full is-resized\"><img decoding=\"async\" loading=\"lazy\" src=\"https:\/\/vilavolta.com.br\/wp-content\/uploads\/2023\/09\/FB_IMG_1694295208781-maior.jpg\" alt=\"\" class=\"wp-image-494\" style=\"width:509px;height:338px\" width=\"509\" height=\"338\" srcset=\"https:\/\/vilavolta.com.br\/wp-content\/uploads\/2023\/09\/FB_IMG_1694295208781-maior.jpg 900w, https:\/\/vilavolta.com.br\/wp-content\/uploads\/2023\/09\/FB_IMG_1694295208781-maior-300x199.jpg 300w, https:\/\/vilavolta.com.br\/wp-content\/uploads\/2023\/09\/FB_IMG_1694295208781-maior-768x510.jpg 768w\" sizes=\"(max-width: 509px) 100vw, 509px\" \/><\/figure>\n\n\n\n<p><strong><mark style=\"background-color:rgba(0, 0, 0, 0)\" class=\"has-inline-color has-primary-color\"><a href=\"https:\/\/vilavolta.com.br\/index.php\/onde-estamos\/\" data-type=\"page\" data-id=\"277\">Localiza\u00e7\u00e3o<\/a><\/mark><\/strong><\/p>\n\n\n\n<p>Outro diferencial da Vila Volta \u00e9 sua localiza\u00e7\u00e3o geogr\u00e1fica.<\/p>\n\n\n\n<p>Por um lado, situa-se na zona rural de Paraty, dentro da \u00c1rea de Prote\u00e7\u00e3o Ambiental do Cairu\u00e7u, cercada de vasta \u00e1rea de Mata Atl\u00e2ntica preservada. Inclusive, desde que aqui chegamos, boa parte da \u00e1rea da propriedade foi reflorestada (regenera\u00e7\u00e3o espont\u00e2nea).<\/p>\n\n\n\n<p>Por outro lado, a rodovia federal BR-101 est\u00e1 logo ali (1,2 km) possibilitando acesso f\u00e1cil e r\u00e1pido a v\u00e1rias praias de Paraty e at\u00e9 de Ubatuba. Saindo de carro da Vila Volta, voc\u00ea pode chegar em 20 minutos ao centro hist\u00f3rico de Paraty.  Por fim, estamos praticamente a meio caminho entre as duas maiores cidades do pa\u00eds, S\u00e3o Paulo e Rio de Janeiro.<\/p>\n","protected":false},"excerpt":{"rendered":"<p>Voc\u00ea, h\u00f3spede brasileiro\/a ou estrangeiro\/a, pode optar por se hospedar na Vila Volta sozinho. Ou ainda, vir pra c\u00e1 com seu\/sua companheiro\/a, seja namorado\/a, marido\/esposa etc. Outra possibilidade: convidar outras pessoas para virem contigo; um grupo, seja de amigos\/as ou familiares. A perman\u00eancia tamb\u00e9m pode variar. Apenas uma di\u00e1ria, um final de semana, um feriado [&hellip;]<\/p>\n","protected":false},"author":1,"featured_media":0,"parent":0,"menu_order":0,"comment_status":"closed","ping_status":"closed","template":"","meta":{"footnotes":""},"_links":{"self":[{"href":"https:\/\/vilavolta.com.br\/index.php\/wp-json\/wp\/v2\/pages\/485"}],"collection":[{"href":"https:\/\/vilavolta.com.br\/index.php\/wp-json\/wp\/v2\/pages"}],"about":[{"href":"https:\/\/vilavolta.com.br\/index.php\/wp-json\/wp\/v2\/types\/page"}],"author":[{"embeddable":true,"href":"https:\/\/vilavolta.com.br\/index.php\/wp-json\/wp\/v2\/users\/1"}],"replies":[{"embeddable":true,"href":"https:\/\/vilavolta.com.br\/index.php\/wp-json\/wp\/v2\/comments?post=485"}],"version-history":[{"count":7,"href":"https:\/\/vilavolta.com.br\/index.php\/wp-json\/wp\/v2\/pages\/485\/revisions"}],"predecessor-version":[{"id":563,"href":"https:\/\/vilavolta.com.br\/index.php\/wp-json\/wp\/v2\/pages\/485\/revisions\/563"}],"wp:attachment":[{"href":"https:\/\/vilavolta.com.br\/index.php\/wp-json\/wp\/v2\/media?parent=485"}],"curies":[{"name":"wp","href":"https:\/\/api.w.org\/{rel}","templated":true}]}}